n**2 + 2*n - 1. Suppose 0 = -5*j + 1 + 9. Suppose 3*p + 7 = -2*b + 10, -b = 4*p + 1. Suppose b*q = -j*h - 3*h - 10, 4*h - 3*q = -8. Calculate x(h).
3
Suppose -99 = 3*a - 36. Let w = a - -38. Let l(o) = -11*o + 5. Let y(u) = 34*u - 14. Let k(g) = w*l(g) + 6*y(g). Calculate k(-1).
-16
Suppose q - x - 3 = 0, 3*q + 42 = 8*q + 4*x. Let p(f) = 2*f**2 - 10*f + 7. Determine p(q).
19
Suppose 2*r = 5*h + 18, -4*h - 2*r + 7*r - 28 = 0. Let f be (24/(-9))/(2/12*h). Let z(w) = 27*w**2 + w + 25*w**2 - 53*w**2 + f. Give z(0).
8
Let f = -4597 - -4601. Let r(p) be the first derivative of 1/4*p**4 - 14 - 3*p**2 + 5/3*p**3 - f*p. Calculate r(-6).
-4
Let s = -200 + 314. Let k = 111 - s. Let y(z) = 2*z - 4. What is y(k)?
-10
Let g(a) = -2*a**2 - 23*a - 9. Let v be g(-11). Let w(m) = -6 + 3*m + m + 9 + m**2 - 5 + 0*m**v. What is w(-3)?
-5
Let k(n) = n**2 + 11*n. Let g(p) = 6*p**2 + 55*p - 1. Let z(a) = -2*g(a) + 11*k(a). Calculate z(10).
12
Let v(c) = c**3 - 6*c**2 + 6*c - 4. Let j(u) = -u**2 - 6 + 34*u - 62 - 47. Let z be j(30). What is v(z)?
1
Suppose 5*m = -4*a - 18, m + 0*m - 6 = 0. Let u(p) = p**3 + 13*p**2 + 17*p + 70. Calculate u(a).
10
Let y(o) = -o**2 + 4*o. Let p be (7 - 6) + (-82)/(-1). Suppose -5*a + p = -3*x, 4*x + x = a - 21. Suppose 3*r - a = -r. Determine y(r).
0
Let r(f) = -7*f - 4. Let m be 4351/(-209) + (-4)/22. Let i be (m/(-63))/(1/(-33)). Let u = -14 - i. Calculate r(u).
17
Let k(j) = j**3 - 2*j - 1. Let s(f) be the second derivative of f**5/4 - f**4/4 - 2*f**3 - 9*f**2/2 + 18*f + 2. Let l(v) = 6*k(v) - s(v). Calculate l(-3).
3
Suppose 2*x = -2 - 0. Let l = x + 1. Let a(d) = -16*d**2 - 171*d + 91. Let w(v) = 7*v**2 + 76*v - 42. Let r(z) = -4*a(z) - 9*w(z). What is r(l)?
14
Let z(n) = -4 + 3*n - 3 - 4*n. Let j = -80 - -79. Let b be (84/(-56))/(j/(-6)). Calculate z(b).
2
Let c(k) be the second derivative of k**5/20 + k**2 - 3*k. Let a(l) = 32 - 1 + 31 - 2*l + 0*l - 14*l. Let b be a(4). Calculate c(b).
-6
Let h be (-105)/168 - 1 - 6/16. Let j(b) be the third derivative of -b**6/60 - b**5/30 - b**4/24 - b**3/3 - 4*b**2. Give j(h).
8
Let r(h) = h + 1. Let s(o) = 16*o - 6. Let b(y) = -5*y + 2. Let x(w) = 14*b(w) + 4*s(w). Let g(u) = 4*r(u) + x(u). Calculate g(6).
-4
Let m = 86 - 83. Suppose -22*c = -m*c + 19. Let p(t) = -t**2 + 4*t + 4. Let f be p(c). Let z(n) = -19*n**3 - 2*n**2 + 1. Give z(f).
18
Let g(v) = -v. Let u be 112/49 + -2 + (-10)/(-14). Let r(n) be the first derivative of 15*n**2/2 - n + 3. Let a(o) = u*r(o) + 6*g(o). What is a(-2)?
-19
Let u be 6/(-24) - 52/(-16). Suppose -u*h + 5 = 2. Let m(l) = 2 + l**2 - h + 2. Calculate m(0).
3
Let j(k) = -k**3 + 12*k**2 + 3*k - 15. Let n(y) = -y**3 + 89*y**2 + 2*y - 166. Let o be n(89). Determine j(o).
21
Suppose 0*g = 2*g - 4. Let n(d) = 27*d + 111. Let c be n(-4). Suppose -h - c - g = 2*f, -5*h = 2*f + 17. Let r(u) = u**3 + 3*u**2 + 4*u + 4. What is r(h)?
-8
Let c be 1032/4*(-1)/(-2). Suppose 6 = 9*t - c. Suppose -3*h + t = -3*d, 0 = -4*d - h - 2 - 13. Let g(l) = -l - 4. What is g(d)?
0
Let m(h) be the first derivative of -2*h**3/3 + 41*h**2 - 158*h + 69. Give m(39).
-2
Let o(q) = -3*q**2 + 26*q - 44. Let f(s) = -s**2 + 9*s - 15. Let d(w) = -17*f(w) + 6*o(w). Determine d(3).
-9
Let n(z) be the second derivative of -z**5/20 - z**4 + 7*z**3/2 + 19*z**2 - 4390*z. Determine n(-13).
-66
Let h(r) = -72*r + 30. Let q(z) = 10*z - 4. Let a(y) = 6*h(y) + 45*q(y). Let c(g) = 50*g + 1. Let d(u) = 8*a(u) - 3*c(u). What is d(-2)?
9
Let a = 47 - 43. Let s be (4/a)/(3/18). Let n(u) = -2*u + 9. Calculate n(s).
-3
Suppose 2*t - 575 = -5*b, -2*t + 325 = -4*b - 259. Let w = -283 + t. Let y(x) = -x**2 + 8*x. Calculate y(w).
7
Let j(y) = -155*y + 8056. Let m be j(52). Let c(p) = -p**3 - 4*p**2 + 2*p + 9. What is c(m)?
1
Let c(d) = -d**3 + 8*d**2 + 8*d - 182 - 182 - 192 + 2*d + 498. Give c(8).
22
Let k be ((-54)/45)/((-3)/(-10)). Let a(c) be the second derivative of c**3/3 - c**2/2 + 4*c + 3. What is a(k)?
-9
Suppose -5*j + 22 = -q, 17 - 18 = j - 2*q. Let o(i) be the third derivative of -i**4/8 + 2*i**3/3 + 2*i**2. Calculate o(j).
-11
Let c(j) = -j**3 - 22 - 7393*j + 7394*j - 7*j**2 + 14. Give c(-7).
-15
Let v(m) be the first derivative of -m**4/4 + 3*m**3 + 7*m + 1. Let c be (-105)/(-12) + 245/980. Calculate v(c).
7
Let g(t) = 2 + 138*t**3 - 9*t + 7*t + 141*t**3 - 281*t**3. Determine g(1).
-2
Let k(o) = -7*o**3 - 24*o**2 + 3*o - 57. Let b(z) = -5*z**3 - 22*z**2 + z - 56. Let l(y) = -3*b(y) + 2*k(y). Calculate l(-18).
0
Let g be 4*1*54/(-24). Let c(z) be the first derivative of 4*z**2 + 7*z + 65 + 1/3*z**3. Calculate c(g).
16
Let a(h) = h**3 + 4*h**2 - 5*h + 4. Let o = 827 - 1256. Let u = o - -424. What is a(u)?
4
Let j(u) = -u + 108. Let b be j(23). Let w(q) = -44*q - 43*q + b*q + 3. Suppose 2*i - 4*i + 4 = 0. Give w(i).
-1
Let x(s) = 6*s - 95. Suppose 402*h = 397*h - 4*f + 100, 0 = 5*h + 3*f - 95. Determine x(h).
1
Let y be -4*(0 - 8/6)*9/(-12). Let z(k) = -69*k - 282. Give z(y).
-6
Let y(f) be the third derivative of f**6/120 + 11*f**5/60 + 19*f**4/24 + 3*f**3/2 - 2*f**2 - 433*f. Determine y(-8).
49
Let f(d) = -d + 1. Let s(m) = -m**3 - 7*m**2 - 5*m + 4. Let z(c) = 2*f(c) - s(c). Suppose 1086*x - 238 = 1120*x. Give z(x).
-23
Let o(k) = k**2 - 7*k + 6. Let z(h) = h**2 + 3*h - 6. Let v(t) = -10*t**2 + 1 + t**2 + t + 2*t**2 + 6*t**2. Let f(q) = -2*v(q) - z(q). Let j be f(0). Give o(j).
-6
Let t(h) be the second derivative of h**3/3 - 17*h**2/2 - 8024*h. Suppose 3 - 17 = -2*a. Determine t(a).
-3
Let t(m) = -m**2 - 13*m - 6. Let r = -1715 + 1711. Determine t(r).
30
Let v(l) = l**3 - 5*l**2 - 13*l - 6. Let g(j) = -17*j**3 + 13*j**2 + 5*j - 5. Let i(a) = 3*a**3 + a. Let c(b) = g(b) + 6*i(b). Let o be c(-12). What is v(o)?
1
Let c(m) = 872*m + 1749. Let k be c(-2). Let v(l) = l**2 + l + 1. Let d(f) = f**3 - 9*f**2 - 2*f - 8. Let j(i) = d(i) + 5*v(i). Calculate j(k).
37
Let a(r) = 9*r - 50. Let h be 301/903 + (-17)/(-3). Determine a(h).
4
Let f(j) = 16*j**2 + 31. Let d(g) = -4*g**2 + 3*g - 8. Let m(c) = -13*d(c) - 3*f(c). Determine m(9).
-16
Let z(n) be the second derivative of 5*n**4/6 - n**3/3 + n**2/2 + n - 322. Let q be 1/1*(-7 - -8). Determine z(q).
9
Suppose 21*i + 36*i = -i - 464. Let p(d) = -18*d - 110. Determine p(i).
34
Let y(x) = -x**3 - 12*x**2 - 7*x + 45. Let c be y(-11). Let d(z) = -3 + 0*z**2 + z**3 - c - 7*z + 9*z - 11*z**2 + 8*z**2. Give d(3).
2
Suppose -8*a + 157*a = -5960. Let y(g) = 13*g + 522. Give y(a).
2
Let k(q) = 60 + 8*q**2 + 13*q - 10 + q**3 - 14*q + 22*q. Give k(-6).
-4
Let q(i) = -i**3 + i + 2. Let n = 268 + -126. Let f = n + -137. Suppose -k + f*w = -22, 4*k + 3*w + 16 = 6*k. What is q(k)?
-4
Suppose 4*v - 12 = 0, 3*r - 5*v - 3 = -3*v. Suppose -5*u = r*u - 40. Let g(y) = 4 + 0*y**2 - 3 + 4*y**2 - u*y**2. Calculate g(-2).
-3
Let k(o) be the third derivative of -o**6/120 - o**5/20 - o**4/6 - 5*o**3/6 - 210*o**2 - 3*o. Give k(-4).
27
Let f(w) = -w**2 - 11*w - 9. Let j = -23 + 209. Let d = j - 193. Calculate f(d).
19
Let t(q) = 2*q**2 - 12*q + 10. Let h(p) = -p**2. Let n(g) = -4*h(g) - t(g). Let b be n(-7). Let x(a) = -a**3 + 3*a**2 + 2*a + 4. Determine x(b).
-4
Let b(i) = 8*i**3 - i**2 + 1. Let t(z) = z**2 - 10*z - 40. Let p(m) = m + 19. Let w be p(-6). Let c be t(w). What is b(c)?
-8
Let q be (((-50)/15 + 3)*6)/(-1). Let t(x) = 4 + 0 + x - x**3 + q*x**3 + 5 - 6*x**2. Calculate t(5).
-11
Let u be ((-3)/6)/((-2)/4). Let z be u*(-2)/(-6) - 2838/(-99). Let h(s) = s - z + s + 36 - 4*s. Give h(5).
-3
Let q(m) = -m**2 + 12*m + 23. Let w(i) = i**2 - 11*i - 23. Let b(k) = 4*q(k) + 3*w(k). Let x = 4571 - 4555. What is b(x)?
7
Let u(r) = -91*r**2 + 32*r - 13. Let h(b) = -11*b**2 + 4*b - 2. Let s(w) = 33*h(w) - 4*u(w). What is s(-7)?
7
Let i(s) = -2*s + 15. Suppose 2*v + c - 10 = 0, v - 3*c + 2 - 21 = 0. Give i(v).
1
Suppose 0 = -5*t - 5*a + 5, 3*t + a + 88 - 87 = 0. Let h(p) = -53*p - 59. What is h(t)?
-6
Let h(y) = -y**2 - 5*y - 3. Suppose -5*r - 12 = -k, 5*r + 14 = 2*k + 5. Let p = r - 13. Let a(m) = -m**3 - 16*m**2 - 2. Let g be a(p). Determine h(g).
3
Let i(o) = 21*o - 5*o - 8*o - 6*o. Let x(c) = -1. Let y(k) = i(k) + 3*x(k). What is y(-6)?
-15
Let p = -3765 - -3769. Let a(d) = -d - 1. Let l(b) = 1. Let t(r) = a(r) + 2*l(r). Give t(p).
-3
Let q(m) be the first derivative of -m**4/2 + m**3/3 + 285. G